mine j(-17).
-53
Let y(z) = 2*z + 13. Give y(-12).
-11
Let c(z) = -3*z**2 + 38*z - 22. Determine c(12).
2
Let i(z) = 3*z - 32. Calculate i(13).
7
Let t(u) = 2*u**3 + 15*u**2 + 4*u - 1. Calculate t(-7).
20
Let g(j) = -16*j**3 - j**2 + j. Calculate g(1).
-16
Let q(j) = j**3 - 5*j**2 - 8*j + 11. What is q(6)?
-1
Let p(k) = -5*k**2 - 10*k + 3. Give p(-3).
-12
Let u(i) = i**2 + 10*i + 11. Determine u(-7).
-10
Let h(y) = y**3 - 8*y**2 + 3*y + 16. Determine h(6).
-38
Let g(h) = -10*h + 26. What is g(3)?
-4
Let c(x) = x**3 - 3*x**2 - 45*x + 27. Give c(8).
-13
Let z(s) = -s + 1. Calculate z(4).
-3
Let q(d) = d**2 - 10*d + 8. What is q(11)?
19
Let u(y) = -y**3 + 6*y**2 - 2*y - 10. What is u(6)?
-22
Let n(x) = 2*x. Calculate n(-7).
-14
Let l(q) = 5*q**3 + 2*q**2 - q - 2. What is l(2)?
44
Let m(r) = 2*r**2 - 16*r + 16. Determine m(7).
2
Let j(o) = 106*o**2 + 3*o + 2. Give j(-1).
105
Let y(r) = 2*r - 51. Determine y(26).
1
Let b(i) = i**2 - 11*i - 12. What is b(12)?
0
Let g(j) = j**3 - 51*j**2 + j - 44. Determine g(51).
7
Let t(n) = -81*n**2 - 4*n + 3. What is t(1)?
-82
Let o(c) = 2*c + 3. Calculate o(5).
13
Let v(o) = -3*o**2 + 5*o - 6. Calculate v(1).
-4
Let a(b) = -b**3 - 13*b**2 - 12*b - 7. Determine a(-12).
-7
Let y(c) = -c**3 - 6*c**2 + 8*c + 8. What is y(-7)?
1
Let f(y) = -y**3 + 6*y**2 - 10*y + 9. Give f(3).
6
Let h(w) = 6*w**2 + 21*w - 10. Give h(-4).
2
Let w(j) = j - 7. Give w(-7).
-14
Let q(v) = -v + 17. Give q(12).
5
Let o(f) = -f**3 - 14*f**2 - f - 13. Give o(-14).
1
Let z(l) = -2*l - 2. What is z(-4)?
6
Let v(d) = -2*d**2 + 17*d - 2. Give v(9).
-11
Let h(c) = -43*c - 94. Calculate h(-2).
-8
Let j(y) = -y**2 - 7*y + 4. Determine j(-8).
-4
Let t(o) = 33*o**3 + o**2 + o. Calculate t(-1).
-33
Let y(d) = 9*d**3 + d**2 - 2. Give y(1).
8
Let n(f) = 2*f**3 + f**2 - 3*f - 4. What is n(-2)?
-10
Let n(q) = 7*q**2 - 4*q + 2. Calculate n(1).
5
Let s(c) = 21*c - 1407. What is s(67)?
0
Let y(q) = q**2 + 18*q - 64. Calculate y(-21).
-1
Let a(v) = 11*v + 2. Calculate a(1).
13
Let q(p) = -2*p**2 + 20*p + 21. What is q(11)?
-1
Let f(m) = -m**3 - 34*m**2 - 2*m - 68. Calculate f(-34).
0
Let n(u) = -7*u**3. Give n(2).
-56
Let k(w) = w**3 + 16*w**2 - 5*w + 7. What is k(-16)?
87
Let w(h) = h**3 - 10*h**2 + 17*h. Determine w(2).
2
Let j(u) = -4*u + 57. What is j(6)?
33
Let m(a) = -12*a**2 + 2*a - 3. Give m(1).
-13
Let z(l) = l**2 + 10*l + 2. Give z(-8).
-14
Let y(i) = -i**2 - 18*i + 13. Determine y(-18).
13
Let d(v) = v**2 + 3*v + 9. Calculate d(-5).
19
Let h(o) = -4*o - 2. Determine h(2).
-10
Let i(l) = -13*l + 56. Calculate i(4).
4
Let m(t) = t**3 - 5*t**2 - 2*t + 6. What is m(4)?
-18
Let z(i) = i**2 - 7*i - 14. What is z(6)?
-20
Let n(y) = y + 17. Calculate n(0).
17
Let k(v) = -v**2 + 11*v - 29. Calculate k(9).
-11
Let m(u) = 14*u - 124. Calculate m(9).
2
Let o(u) = 2*u**3 - 22*u**2 + 19*u - 6. Determine o(10).
-16
Let d(v) = v**2 + 17*v + 28. What is d(-12)?
-32
Let k(h) = 9*h + 74. Determine k(-8).
2
Let j(z) = 2*z**3 + 33*z**2 - 19*z - 40. Determine j(-17).
-6
Let d(n) = -9*n - 103. What is d(-12)?
5
Let t(u) = u**2 - 2*u + 3. Give t(2).
3
Let t(k) = 175*k - 355. Calculate t(2).
-5
Let q(v) = -v**3 - 9*v**2 + 25*v + 25. Determine q(-11).
-8
Let q(n) = n**3 - 2*n**2 - 2*n + 1. Calculate q(2).
-3
Let b(u) = 5*u - 44. Give b(9).
1
Let j(h) = -2*h - 7. What is j(-6)?
5
Let j(w) = -w**3 - 8*w**2 - w - 1. Determine j(-8).
7
Let c(v) = v**3 + 2*v**2 - 3*v + 4. Determine c(-3).
4
Let f(g) = -g**2 + 8*g - 1. Give f(7).
6
Let r(z) = 3*z**2 - 14*z + 12. What is r(4)?
4
Let c(k) = -k**2 + k - 7. Give c(0).
-7
Let t(m) = -m**3 + 53*m**2 - 197*m + 54. Determine t(49).
5
Let v(x) = -x**3 + 10*x**2 - 19*x + 8. Determine v(7).
22
Let u(h) = -h**3 + 27*h**2 - 139*h - 17. Determine u(20).
3
Let k(p) = 15*p + 291. Determine k(-19).
6
Let n(y) = -6*y + 23. Determine n(4).
-1
Let b(j) = -18*j - 236. Calculate b(-13).
-2
Let i(n) = -n**3 - 30*n**2 + 32*n + 15. What is i(-31)?
-16
Let z(r) = -51*r + 707. What is z(14)?
-7
Let p(t) = 8*t**3 - 4*t**2 + 3*t - 8. Give p(2).
46
Let q(z) = -z**3 + 18*z**2 + 43*z + 2. What is q(20)?
62
Let p(r) = -r**2 - 7*r + 7. Give p(1).
-1
Let j(v) = -v**3 - 16*v**2 + v + 1. Give j(-16).
-15
Let z(f) = -4*f**3 + 63*f**2 - 39*f - 88. Determine z(15).
2
Let q(w) = 15*w - 13. Give q(-7).
-118
Let d(s) = -7*s**2 - s. Give d(2).
-30
Let x(r) = r**2 + r - 7. What is x(3)?
5
Let x(l) = -l**3 + 6*l**2 + 5*l + 10. Calculate x(7).
-4
Let w(s) = -s**3 + 4*s**2 + 4*s - 4. Calculate w(4).
12
Let y(o) = -o**2 - 4*o + 1. Calculate y(-3).
4
Let c(o) = -o**3 - o**2 - o + 6. What is c(-3)?
27
Let z(i) = -i**2 - 21*i + 446. Give z(13).
4
Let q(g) = g**3 - 10*g**2 - 3*g + 31. Determine q(10).
1
Let q(t) = -2*t**2 + t. What is q(2)?
-6
Let q(b) = 2*b + 3. What is q(7)?
17
Let w(m) = m**2 + 5*m - 6. What is w(-5)?
-6
Let s(l) = -l**3 - 3*l**2 + 28*l + 5. Give s(-7).
5
Let a(s) = s**3 - 6*s**2 + 3*s + 4. What is a(5)?
-6
Let j(c) = c**3 + 36*c**2 - c - 57. Calculate j(-36).
-21
Let h(p) = p**3 + 25*p**2 + 69*p + 535. What is h(-23)?
6
Let q(u) = u**3 - 8*u**2 - u - 14. Calculate q(8).
-22
Let x(q) = 27*q + 301. Give x(-10).
31
Let i(p) = 7*p + 10. Calculate i(-7).
-39
Let d(t) = 7*t**3 + t**2 - 2*t + 1. Give d(1).
7
Let g(f) = f**2 - 7*f. Calculate g(7).
0
Let q(k) = -2*k - 26. Determine q(-12).
-2
Let l(c) = -14*c - 14. What is l(9)?
-140
Let f(q) = 14*q**2 + 2*q + 2. Determine f(-1).
14
Let k(o) = o**3 + 12*o**2 - 11*o + 40. What is k(-13)?
14
Let o(j) = j**3 + 13*j**2 - 16*j - 21. What is o(-14)?
7
Let f(z) = 4*z**2 + 5*z - 1. What is f(-2)?
5
Let q(t) = -66*t + 2050. Determine q(31).
4
Let z(j) = -3*j - 94. Determine z(-10).
-64
Let h(a) = -a**2 + 8*a + 17. What is h(9)?
8
Let g(n) = -8*n + 7. Calculate g(-1).
15
Let d(l) = -l**3 + 6*l**2 - 6*l - 2. Calculate d(5).
-7
Let s(m) = -2*m**2 + 4*m - 5. What is s(4)?
-21
Let c(b) = -48*b**3 - b**2 + b + 1. Determine c(1).
-47
Let t(b) = -b**3 + 10*b**2 - 1. Give t(10).
-1
Let g(j) = 9*j - 94. What is g(11)?
5
Let q(t) = -t**2 + 21*t + 9. Give q(17).
77
Let u(h) = -h**2 + 25*h + 440. Determine u(-12).
-4
Let w(h) = 2*h**2 - 68*h - 9. Determine w(34).
-9
Let c(r) = -6*r**3 + 3*r**2 - r + 2. Give c(2).
-36
Let h(z) = 2*z - 3. Give h(-1).
-5
Let q(z) = 7*z - 8. What is q(6)?
34
Let d(j) = -j**3 + 7*j**2 - 9*j + 11. What is d(5)?
16
Let d(l) = 2*l**2 + 12*l + 6. What is d(-5)?
-4
Let i(h) = -h**3 + 21*h**2 - 2*h + 13. Calculate i(21).
-29
Let b(f) = f**2 + 12*f - 2. What is b(-12)?
-2
Let y(k) = 61*k + 363. What is y(-6)?
-3
Let m(a) = a**2 + 17*a + 20. Give m(-15).
-10
Let y(z) = -z**3 + 5*z**2 + 6*z + 5. Give y(5).
35
Let s(z) = -z**3 + 13*z**2 - 18*z + 10. Determine s(12).
-62
Let n(b) = -b**3 + 6*b**2 + 10*b - 26. Give n(7).
-5
Let f(n) = -n**3 + 2*n**2 + 5*n + 10. Determine f(4).
-2
Let d(n) = -43*n + 49. Determine d(1).
6
Let x(n) = -n**2 - 44*n - 8. Calculate x(-44).
-8
Let z(b) = b + 3. Determine z(0).
3
Let d(l) = -8*l**2 + 3*l - 1. What is d(2)?
-27
Let k(x) = -7*x**2 + 5*x + 14. Give k(-2).
-24
Let n(g) = 2*g**2 - 11*g - 11. Calculate n(9).
52
Let h(a) = a**3 - 2*a**2 + 5*a - 4. Give h(2).
6
Let h(a) = a**2 + 9*a - 25. Calculate h(-11).
-3
Let q(z) = -z - 21. Determine q(-12).
-9
Let i(p) = -p**2 + 9*p - 6. Calculate i(7).
8
Let b(i) = 2*i**2 - 12*i - 16. Give b(7).
-2
Let g(u) = 18*u + 2. What is g(-2)?
-34
Let s(d) = -5*d + 15. Determine s(-3).
30
Let j(q) = -3*q**3 + 3*q**2 + 3*q + 2. Give j(-2).
32
Let l(z) = -5*z**2 + 18*z + 2. Give l(4).
-6
Let r(n) = 13*n**3 - 3*n**2 + 3*n - 2. Calculate r(1).
11
Let b(w) = w**2 + 5*w + 3. Calculate b(-6).
9
Let n(f) = f**3 - 16*f**2 + 12*f - 2. Calculate n(15).
-47
Let w(d) = -24*d - 1. Give w(1).
-25
Let c(u) = -2*u**2 - 27*u + 9. Determine c(-14).
-5
Let v(j) = -16*j - 15. Determine v(-3).
33
Let d(k) = k**3 + 5*k**2 - 16*k + 68. Calculate d(-8).
4
Let f(x) = x**3 - 12*x**2 + 18*x - 30. What is f(11)?
47
Let h(c) = -c**3 - 21*c**2 - 20*c + 12. What is h(-20)?
12
Let q(z) = -2*z**3 + 21*z**2 + 14*z - 30. Determine q(11).
3
Let q(v) = -v**3 - 7*v**2 + 7. Give q(-7).
7
Let j(x) = x**3 + 7*x**2 - 8*x + 5. What is j(-8)?
5
Let l(x) = 45*x**2 + 4*x - 5. Determine l(1).
44
Let h(f) = -6*f - 84. Calculate h(-15).
6
Let i(q) = q**3 + 6*q**2 - 6*q. Determine i(-7).
-7
Let t(w) = -55*w